67. Is u(-10) a prime number?
False
Suppose x - 4 = -0*x. Suppose -x*a = -7*a + 39. Is a a prime number?
True
Suppose -2*h = -h + 5*q - 72, -2*h + 116 = 3*q. Let b = 338 + -225. Suppose 3*d - h - b = 0. Is d a prime number?
False
Let y = 0 - 0. Suppose p - f - 158 = -34, y = -3*f - 9. Is p a prime number?
False
Let a be (1 - 2)*(2 - 9). Suppose 0 = -4*u + a + 5. Suppose -3*m = -5*j - 376, 443 = 4*m - u*j - 62. Is m prime?
True
Let i = 12 - 8. Suppose 4*j - 144 = i*q, 2*q + q - 204 = -5*j. Is j prime?
False
Suppose n - 113 = 5*t, 2*t = -2*t - 5*n - 73. Let o = 45 + t. Is o a prime number?
True
Let u be 2/((-18)/(-14) + -1). Let q be (-1)/2 - (-34)/4. Suppose -q - u = -5*o. Is o a prime number?
True
Let v(q) = 33*q + 2. Let l be v(6). Suppose 55 = 5*h - l. Is h a prime number?
False
Let k = 13 - 7. Suppose 0*c = 2*m + 4*c + 20, m + k = -c. Let f = m - -95. Is f a prime number?
False
Suppose -4*s + 16 = 6*d - 2*d, 2*s = 5*d + 1. Let i(h) = -h + 4*h - h**2 + 1 + 4*h. Is i(s) composite?
False
Suppose -5*h + h + x + 3 = 0, 15 = h - 5*x. Suppose h*d = 4*d. Suppose d = -3*k - 4*f + 114, 3*k - 4*f - 43 = 71. Is k prime?
False
Is (-10)/30*(2 + 4) - -113 a prime number?
False
Let v(n) = 8*n + 3*n**2 + 0*n + 2*n + 7*n**2 + n**3 + 3. Is v(-8) composite?
True
Let n(c) = 1755*c**2 + c + 1. Is n(1) composite?
True
Let q be (6/(-4))/(6/(-8)). Suppose -q*z = -4*z - j + 68, z - 29 = -3*j. Is z composite?
True
Let x(g) = -g**2 + 6*g + 4. Let o be x(5). Suppose 2*j = 65 + o. Is j composite?
False
Suppose -2*w = -4*n - 806, 4*n - 1249 = -3*w - 0*w. Is w prime?
False
Suppose -4*x - 2*z = -32, -5*x + 32 + 8 = 2*z. Let d(r) = 10*r + 9. Is d(x) prime?
True
Suppose d + 0*d = 7. Is 2 + 2 + -1 + d a prime number?
False
Suppose -6812 - 5146 = -6*t. Is t a composite number?
False
Let f(k) = 7*k**2 - k + 15. Is f(12) a composite number?
True
Let p = 132 + -82. Let y = p + -21. Suppose 3*o - 28 = y. Is o a composite number?
False
Suppose -2*w = -66 - 46. Is (-12)/(2*-2) + w composite?
False
Suppose 2 = 5*x - 4*x. Suppose -z + x*z - 2 = 0. Is (-20)/(-8) + z/(-4) prime?
True
Suppose -226 - 212 = -5*c - 4*b, -88 = -c - b. Is c a prime number?
False
Is 17813*1/7 - 4/(-14) a prime number?
False
Suppose 4*w + 28 = 2*g, -9 = -5*g - 3*w + 9. Suppose -5*d + g = -14. Suppose d = 4*u - 4. Is u a composite number?
False
Let z = -11 - -8. Let i be 1/(z - (-6)/3). Is i/3 - 58/(-3) prime?
True
Suppose -24 = 4*m - 84. Is (-16)/(-5) - 3/m a composite number?
False
Suppose -4*x + 528 + 4514 = -2*l, -l - 6304 = -5*x. Is x a composite number?
True
Suppose 0*j = -2*j + 12. Suppose -j*v = -4*v - 62. Is v a prime number?
True
Let k be (-8)/3*18/(-12). Suppose -d = -2*f - k*d + 95, -5*f = -d - 280. Is f prime?
False
Suppose -5*a = -126 + 26. Let p be 8/12 - a/(-6). Suppose p*l = 5*o - 265, -2*o + 2*l = -l - 106. Is o composite?
False
Suppose 2*g - 141 = 241. Is g a composite number?
False
Let q(j) = j + 10. Let y be q(-7). Is 49 + (y - 0) - 3 prime?
False
Is (3 + (-4)/(-1))*5 a composite number?
True
Suppose -c - 4*c + 635 = 2*k, -5*k = 2*c - 254. Is c composite?
False
Let n = -1 - -4. Suppose 0*y - 213 = -n*z - 3*y, 2*z - 3*y - 122 = 0. Is z composite?
False
Suppose 0 = 4*j - 0 + 8. Let a(m) = 6*m**2 - 1. Is a(j) prime?
True
Let o(u) = 16*u - 4. Let i be o(4). Let b = i + -39. Is b composite?
True
Let v = -287 + 165. Let n = 175 + v. Is n composite?
False
Suppose -q - q + 1072 = 0. Suppose 3*x + q = 2*d, 7*x = -3*d + 3*x + 787. Is d a prime number?
False
Suppose -v + 3*v = -2*y + 228, -5*y + v = -570. Suppose -5*r + 301 = -y. Is r a prime number?
True
Let v(g) = 5*g**2 + 2*g. Let y(s) = -9*s**2 - 4*s - 1. Let c(m) = -7*v(m) - 4*y(m). Let n = -10 + 5. Is c(n) prime?
True
Suppose 3*c = 2*i + 3*i + 2662, 0 = -2*c + 3*i + 1773. Is c composite?
True
Suppose 0 = -7*t + 1303 + 2064. Is t composite?
True
Is (-6)/((-18)/(-15)) - -636 a composite number?
False
Let v(s) = 4 + 0*s + 3 - 12*s. Is v(-6) prime?
True
Let t = 457 - -550. Is t a prime number?
False
Suppose 0 = -v + 6*v - 180. Let q(k) = -3*k**3 - 4*k**2 + 5*k - 4. Let w be q(3). Let f = v - w. Is f a composite number?
True
Is (15396/(-18))/((-2)/3) composite?
False
Suppose -h = 2*h - 93. Is h a prime number?
True
Let v(b) = 105*b**2 + 2*b - 2. Is v(2) a prime number?
False
Let o be 0 + 4 + -2 + 0. Let r(m) = -m**o - 2*m**3 - m**2 + 3*m**3 + 3 + 0*m**2. Is r(4) composite?
True
Let l = -2 + 4. Let u = l + 4. Is u prime?
False
Let x(z) = 151*z - 3. Let f be 2/(-4)*48/(-12). Is x(f) composite?
True
Let l(u) = -u**2 - 7*u + 2. Let k be l(-7). Suppose 0 = k*g + 300 - 62. Let j = g - -172. Is j a composite number?
False
Suppose 2*r + 140 = 6*r. Suppose -f + 144 - r = 0. Is f prime?
True
Let c be -1*(1 + 3 - 6). Let z be 2/(-4) + 18/4. Is 186/z - (-1)/c a composite number?
False
Let q = -23 - 275. Let n = -169 - q. Suppose 19 + n = 4*t. Is t a composite number?
False
Suppose -2*w = -w - 445. Is w a prime number?
False
Let s = 8 + 45. Suppose -a + l - 5*l = -39, 3*l = a - s. Is a a composite number?
False
Suppose 2*k - 6*o - 308 = -o, 598 = 4*k - o. Suppose 0 = f - 5*w - k, -3*f = -w - w - 473. Suppose -2*n + 5*n - f = 0. Is n a composite number?
False
Let j(f) = f**3 + 6*f**2 + 6*f + 7. Let t be j(-5). Suppose -18 = -t*h - h. Let w(y) = 4*y**2 + 3*y + 5. Is w(h) a prime number?
True
Let m(v) = -6*v**3 + 3*v**2 + 10*v + 4. Let w(i) = 5*i**3 - 4*i**2 - 9*i - 3. Let r(g) = 4*m(g) + 5*w(g). Is r(9) a prime number?
True
Suppose -5*j + 10450 = 5*y, -2*j + 3*j = 2*y + 2105. Is j a composite number?
True
Suppose -4*k = -4*q + 900, -k + 561 + 106 = 3*q. Is q a prime number?
True
Let q(u) = -1. Let a(s) = -7*s**2 - 7*s - 6. Let b(k) = a(k) - 5*q(k). Let d(t) be the first derivative of b(t). Is d(-6) prime?
False
Let v = 159 + -100. Is v prime?
True
Suppose 0 = 6*b - 7*b + 5. Suppose 5*r = -b*n + 2*r + 26, -2*n + 4*r + 26 = 0. Is n composite?
False
Suppose 0 = -i + 2 - 0. Let q be -1 + 3 - i*-2. Suppose 3*d - 3*u = 75, -5*d + 2*u - 19 = -q*d. Is d composite?
False
Let q(o) = 2*o + 6*o**2 - o**2 + 2*o - 4*o**2. Is q(3) prime?
False
Suppose 5*j - 8 = -0*j - 2*h, 2*h = -4*j + 8. Suppose 8 = -3*s + 5*t, 3*s + 26 = -j*s - 4*t. Is s/9*-9 + 0 a composite number?
True
Let v(c) = c**2 + 3*c + 2. Let w be v(-3). Let s(z) = -3*z**2 + 2*z**2 + z**w - z**2 + 55. Is s(0) prime?
False
Let m(y) = 5*y + 2519. Is m(0) a prime number?
False
Suppose q + 4 = 8, 3769 = 3*v - 2*q. Is v a prime number?
True
Let l(t) = 74*t**3 + 4*t - 3. Let b be l(1). Let w = 15 - 37. Let o = b + w. Is o composite?
False
Suppose 0 = -13*o + 9*o - 12. Is 0 + (-1119)/o + -2 prime?
False
Let n(u) = -1 + 3*u + 3*u**2 + 6*u + 2*u - 2*u. Is n(6) composite?
True
Suppose -438 = -3*w + 231. Is w composite?
False
Let d be (2 + -3)/(2/(-6)). Suppose -2*a - d*t = -7*t - 102, 5*a = -3*t + 307. Is a composite?
False
Let u be 3/((-2)/(8/(-6))). Suppose u*m + 2*c = 186, -4*m + 3*c + 277 = -81. Is m composite?
True
Let m be 1 + (9/(-3) - 4). Let l(w) = -120*w - 13. Is l(m) a composite number?
True
Let c be 130/(-40)*(0 - 12). Suppose 78 = 2*p - 3*j - 2*j, 2*j = p - c. Is p a prime number?
False
Let r(a) = -21*a + 2. Let l be r(2). Let x = 65 + l. Is (2 + 0)/(2/x) a prime number?
False
Suppose -2*n - 12 = n. Let t be 6/n*(-26)/(-3). Let k = t + 32. Is k composite?
False
Suppose 0 = -y - 3*y + 232. Let b = y - 38. Suppose -b = -x - x. Is x a composite number?
True
Suppose 0 = -x + 4*x - 801. Is x prime?
False
Suppose 2*v + 3*v - 25 = 0. Let l(j) = -35*j - v + 5. Is l(-1) prime?
False
Let j(y) = y**3 + 3*y**2 + 2*y. Let x be j(-2). Suppose n - 113 = -x*n. Is n a prime number?
True
Let u(q) be the third derivative of q**4/24 + 293*q**3/6 + 3*q**2. Is u(0) prime?
True
Suppose 55*n = 52*n + 222. Is n composite?
True
Suppose -2*z + 278 = -4*l, -z + l + 136 = -0*z. Let b be 2/8 - z/4. Let y = b + 68. Is y a prime number?
False
Suppose -4*v - n = n - 748, 3*v + 5*n - 561 = 0. Is v a prime number?
False
Let h(y) = -y**2 - 3*y + 3. Let t be h(-3). Suppose -118 = -5*o + t*o. Is o a composite number?
False
Let h(d) = d**2 + 5*d + 3. Let z be h(-4). Let g(o) = -2 - 37*o - 9*o + 3. Is g(z) prime?
True
Let p = 0 + 8. Suppose 3*b = -2*b. Suppose -m + 13 + p = b. Is m a prime number?
False
Is 59*(-3 + 7 + -3) composite?
False
Let b = 282